 98543
List the prime factors of 2024408284.
2, 506102071
List the prime factors of 13396321.
953, 14057
What are the prime factors of 190130799?
3, 63376933
List the prime factors of 27273818.
2, 11, 13, 47, 2029
What are the prime factors of 2358128256?
2, 3, 11, 43, 12983
List the prime factors of 66090096.
2, 3, 458959
List the prime factors of 68494001.
68494001
What are the prime factors of 404377220?
2, 5, 13, 313, 4969
List the prime factors of 2543571900.
2, 3, 5, 61, 107, 433
What are the prime factors of 19456339?
7, 37, 43, 1747
List the prime factors of 849600020.
2, 5, 43, 137, 7211
What are the prime factors of 231853038?
2, 3, 17, 2273069
List the prime factors of 333449041.
127, 919, 2857
List the prime factors of 392463972.
2, 3, 17, 41, 15641
List the prime factors of 644223911.
644223911
What are the prime factors of 323909654?
2, 907, 178561
What are the prime factors of 605148735?
3, 5, 47, 599, 1433
List the prime factors of 28982789.
11, 151, 17449
List the prime factors of 1254879021.
3, 11, 17, 203351
What are the prime factors of 1931124472?
2, 643, 375413
List the prime factors of 134550880.
2, 5, 840943
List the prime factors of 79732794.
2, 3, 13288799
What are the prime factors of 175409976?
2, 3, 7, 19, 179, 307
What are the prime factors of 4145102161?
47, 1009, 87407
What are the prime factors of 2588796460?
2, 5, 129439823
List the prime factors of 509161953.
3, 4153, 40867
List the prime factors of 41738963.
7, 5962709
What are the prime factors of 117198675?
3, 5, 11, 47353
List the prime factors of 104215306.
2, 13, 433, 9257
List the prime factors of 1672682290.
2, 5, 19, 8803591
List the prime factors of 4232020588.
2, 1058005147
What are the prime factors of 5105729884?
2, 17, 31, 2422073
List the prime factors of 1281366764.
2, 19, 977, 17257
List the prime factors of 3167784754.
2, 1381, 1146917
What are the prime factors of 6215921185?
5, 1243184237
What are the prime factors of 26230915?
5, 17, 61, 5059
List the prime factors of 104456248.
2, 13, 23, 43669
List the prime factors of 57681213.
3, 19227071
What are the prime factors of 170579112?
2, 3, 11, 19, 31, 1097
List the prime factors of 508670564.
2, 43, 2957387
What are the prime factors of 5025817398?
2, 3, 7, 2087, 8191
What are the prime factors of 434721938?
2, 7, 19, 1634293
List the prime factors of 254891528.
2, 47, 139, 4877
What are the prime factors of 1700000182?
2, 850000091
List the prime factors of 4609167.
3, 1536389
List the prime factors of 338405331.
3, 11, 31, 293, 1129
List the prime factors of 7083703537.
41, 172773257
List the prime factors of 29644075.
5, 47, 25229
What are the prime factors of 1277300611?
1277300611
List the prime factors of 753132802.
2, 15473, 24337
List the prime factors of 256748753.
263, 976231
What are the prime factors of 21886170?
2, 3, 5, 131, 5569
What are the prime factors of 5089208?
2, 31, 20521
What are the prime factors of 453401844?
2, 3, 7, 421, 12821
What are the prime factors of 94710262?
2, 67, 706793
What are the prime factors of 4486058705?
5, 24247, 37003
List the prime factors of 10228596.
2, 3, 7, 263, 463
What are the prime factors of 872342170?
2, 5, 7, 31, 181, 2221
What are the prime factors of 63077124?
2, 3, 11, 477857
List the prime factors of 989104169.
28219, 35051
List the prime factors of 1669137599.
37, 521, 86587
List the prime factors of 20932079.
7, 59, 50683
What are the prime factors of 8424269785?
5, 1684853957
List the prime factors of 5174754955.
5, 211, 457, 10733
List the prime factors of 50829903.
3, 1882589
List the prime factors of 2871778352.
2, 1951, 91997
What are the prime factors of 2802256?
2, 175141
What are the prime factors of 104714261?
47, 2227963
List the prime factors of 2984222.
2, 1492111
List the prime factors of 311340328.
2, 13, 23, 73, 1783
What are the prime factors of 548496317?
548496317
What are the prime factors of 4104974406?
2, 3, 13, 809, 65053
List the prime factors of 575371313.
11, 5903, 8861
What are the prime factors of 1049172751?
11, 59, 71, 22769
List the prime factors of 35602015.
5, 2111, 3373
What are the prime factors of 7751959952?
2, 11, 571, 77137
What are the prime factors of 4906560729?
3, 7, 409, 571261
What are the prime factors of 1077655470?
2, 3, 5, 67, 536147
List the prime factors of 4066984975.
5, 433, 375703
List the prime factors of 23539505.
5, 11, 427991
What are the prime factors of 82258149?
3, 27419383
What are the prime factors of 8541028290?
2, 3, 5, 89, 3198887
What are the prime factors of 177483602?
2, 88741801
List the prime factors of 51327475.
5, 31, 103, 643
What are the prime factors of 1095262763?
7, 156466109
What are the prime factors of 2334996136?
2, 11, 31, 855937
List the prime factors of 2723444399.
13, 209495723
List the prime factors of 460426819.
7759, 59341
List the prime factors of 2371888199.
19, 124836221
What are the prime factors of 316941217?
17, 3457, 5393
What are the prime factors of 504210435?
3, 5, 33614029
List the prime factors of 276292469.
101, 479, 5711
What are the prime factors of 3363858638?
2, 7, 211, 277, 4111
What are the prime factors of 264292334?
2, 127, 1040521
What are the prime factors of 62585053?
62585053
List the prime factors of 54511107.
3, 7, 277, 9371
What are the prime factors of 3239670880?
2, 5, 179, 113117
What are the prime factors of 744713415?
3, 5, 16549187
What are the prime factors of 643104514?
2, 13, 19, 337, 3863
What are the prime factors of 2227004419?
191, 193, 60413
What are the prime factors of 6088943013?
3, 47, 1949, 22157
What are the prime factors of 2013442521?
3, 19, 35323553
What are the prime factors of 2687979556?
2, 17749, 37861
List the prime factors of 1779839698.
2, 7, 13, 9779339
What are the prime factors of 42998042?
2, 21499021
What are the prime factors of 1008866226?
2, 3, 1217, 138163
What are the prime factors of 44844264?
2, 3, 97, 6421
List the prime factors of 4073199840.
2, 3, 5, 2828611
What are the prime factors of 75084868?
2, 109, 172213
List the prime factors of 440413551.
3, 16311613
List the prime factors of 570440699.
570440699
What are the prime factors of 24359465?
5, 13, 374761
What are the prime factors of 465441988?
2, 11, 961657
List the prime factors of 138605107.
23, 6026309
List the prime factors of 99020295.
3, 5, 11, 200041
List the prime factors of 16306453.
16306453
List the prime factors of 423914753.
1361, 311473
What are the prime factors of 27101933?
151, 179483
List the prime factors of 164877398.
2, 7, 11776957
What are the prime factors of 2340433509?
3, 19, 73, 101, 5569
List the prime factors of 616005649.
7, 229, 571, 673
List the prime factors of 30436782.
2, 3, 5072797
What are the prime factors of 1183379922?
2, 3, 21914443
What are the prime factors of 410651501?
13, 5081, 6217
List the prime factors of 766217259.
3, 97, 292561
List the prime factors of 73276591.
29, 31, 81509
List the prime factors of 56410842.
2, 3, 9401807
List the prime factors of 568083429.
3, 431, 48817
List the prime factors of 70517719.
47, 53, 28309
What are the prime factors of 300490643?
19, 2017, 7841
What are the prime factors of 471791629?
61, 2293, 3373
List the prime factors of 50092113.
3, 19, 431, 2039
What are the prime factors of 18692991?
3, 692333
What are the prime factors of 171981867?
3, 57327289
What are the prime factors of 816419439?
3, 11, 379, 7253
What are the prime factors of 518060518?
2, 521, 541, 919
What are the prime factors of 360945909?
3, 719, 18593
List the prime factors of 3888835281.
3, 41, 10538849
List the prime factors of 4103498.
2, 7, 293107
What are the prime factors of 540975230?
2, 5, 631, 85733
List the prime factors of 69292698.
2, 3, 23, 502121
What are the prime factors of 41695942?
2, 20847971
What are the prime factors of 1553357743?
7, 221908249
What are the prime factors of 82213192?
2, 101, 101749
What are the prime factors of 323935489?
617, 525017
List the prime factors of 2183073836.
2, 17, 32104027
List the prime factors of 2262449371.
7, 13, 24862081
What are the prime factors of 477715055?
5, 877, 108943
List the prime factors of 512609423.
29, 1709, 10343
List the prime factors of 194791100.
2, 5, 7, 17, 16369
What are the pri